o).
3
Let w(d) = 5*d**2 + d. Suppose 7*o - 27*o = 20. What is w(o)?
4
Let g = 2 + 3. Suppose -g = -4*k - 2*v + 21, -3*k + 2 = -2*v. Let l(z) be the first derivative of -z**3/3 + 2*z**2 - z - 1. What is l(k)?
-1
Let r(u) = -16*u**2 - 8*u + 33. Let k(j) = 7*j**2 + 4*j - 15. Let z(f) = 7*k(f) + 3*r(f). Let g = -8 - -2. Give z(g).
6
Let x be 10/45*-3*3. Let m(n) be the third derivative of 4*n**2 - 1/24*n**4 + 0*n**3 + 0*n + 0 - 1/60*n**5. Determine m(x).
-2
Let d(l) = -l**2 - 5*l - 6. Let b = -7 + 8. Let s(i) = -4*i. Let m be s(b). Let z = 0 + m. Give d(z).
-2
Suppose u = 5*w - 3, 12 = 4*u + 4. Let s(o) = -1 - 4 + 7 - 3*o - 1. Give s(w).
-2
Let z be (5376/(-36))/(-7) + (-2)/(-3). Let m(g) = -g**3 + 21*g**2 + 21*g + 23. Calculate m(z).
1
Let y(x) = -x. Let k(g) = g**3 + g**2 - 6*g + 8. Let c(j) = k(j) - 5*y(j). Let f(l) = 3*l**3 - 8*l**2 + 2*l + 4. Let b be f(2). What is c(b)?
8
Let q(n) = -n - 10. Let w be q(-10). Suppose w*c + c + 1 = 0. Let y(v) = v - 2*v + 5*v + 8*v - 13*v. Give y(c).
1
Let c(u) be the second derivative of -u**7/840 - u**6/72 + u**5/20 + 5*u**4/24 - 5*u**3/2 - 6*u. Let d(a) be the second derivative of c(a). What is d(-6)?
5
Let z(o) = 2*o - 2. Let m(k) = 10*k - 18. Let c(a) = -m(a) + 6*z(a). Give c(-5).
-4
Suppose 0 = -o - 3*k - 29 + 34, 5*k - 5 = -o. Let v(r) be the second derivative of 0 + 1/6*r**3 + 5/12*r**4 + 1/20*r**o + 5*r + 2*r**2. Give v(-5).
-1
Let o(d) = d**2 - 2. Let i be 16 + -23 - (1 - 3). Let v be 76/6 - 2/(-6). Let x be 2/i + v/(-5). Give o(x).
7
Let z(y) = -6*y + 4. Let t(s) = -s**2 + 28*s + 2. Let w be t(28). What is z(w)?
-8
Let z(t) = -t**2 - 5*t + 2. Let i be 0*((-2)/4 - 0). Suppose i = 4*o - 14 + 30. Calculate z(o).
6
Let o(z) = z**2 + 4*z + 4. Suppose 4*d + 0*d + 36 = 5*n, -n + 20 = -4*d. Determine o(d).
4
Let t(m) = -7*m**3 - 4*m**2 - 2. Let s(n) = 20*n**3 + 12*n**2 + 6. Let v(u) = -6*s(u) - 17*t(u). Determine v(-4).
-2
Let i(o) = o**3 + 13*o**2 + o + 6. Let m(v) = -v**2 + 7*v - 6. Let s be m(5). Suppose 0*w - 5*w - 32 = 4*x, -4*x + s*w = 68. Give i(x).
-7
Let a(d) = -2 + 2*d - 3*d**3 - 3*d + 2*d**2 + 0*d**3. Let f be 1*(-30)/50 - 52/(-20). Determine a(f).
-20
Let g = -21 + 11. Let f(s) = -s - 10. Let o be f(g). Let t be o/1 + (-17 - -14). Let i(c) = -c**2 - 2*c + 3. Calculate i(t).
0
Let a be -2 - (-1 + 5 + -5). Suppose -3*z = v - 14, 0*v = 4*v + 4. Let j(u) = -9*u - 2. Let m(r) = -17*r - 3. Let o(h) = z*j(h) - 3*m(h). Determine o(a).
-7
Let d(j) = 2*j - j + 2*j**3 + 3 - j**3 + 0*j**3. Suppose 0 = -2*r - 2*r. Determine d(r).
3
Let r(b) = 6*b**2 + 4 - b**3 - b + 4 - 8 + 3. Suppose -2*y - 3*d + 0 + 5 = 0, -d = -3*y + 13. Suppose y*q + q = 30. Give r(q).
-3
Let m(j) = 4*j**2 + 2*j - 2. Let d(k) = -19*k - 59. Let c be d(-3). What is m(c)?
10
Let y(f) = f**3 - 3*f**2 - 3*f. Let h be (4/(-5))/(-9 + (-88)/(-10)). What is y(h)?
4
Let a(m) = -m**3 - 6*m**2 + 8*m + 9. Suppose 3*d - 1 = -v + d, 28 = -2*v + 2*d. Suppose 0 = -3*t - 2*s + 4, -7*s = 5*t - 2*s - 5. Let h = v + t. Determine a(h).
2
Let u(g) = -3*g**3 + 2*g**2 - 2*g - 2. Let v(w) = 5*w**2 + w. Let s be v(1). Suppose -8*d + 22 = s. Determine u(d).
-22
Suppose 5*x = -0*x - 25, 3*q + 3*x = 18. Let o(i) = -i**2 + 11*i - 3. Determine o(q).
-3
Let v be (0/(1 + -2))/(-1). Let h(a) = -a**2 + 5 - 4*a**2 + 4*a**2 - 2*a + 3*a. Give h(v).
5
Let j(h) be the second derivative of h**4/12 + 3*h**2/2 - 106*h - 2. What is j(7)?
52
Let q(s) be the first derivative of s**3/3 - 3*s**2 + 3*s - 6. Let y(z) = -z + 1. Let r be y(-11). Suppose h + 2*h - r = 0. What is q(h)?
-5
Let z(l) = -l**2. Let q(c) = 9 + 2*c**2 - 28 - 5*c**2 + 14*c - c**2. Let v(f) = q(f) - 5*z(f). Let m be v(-15). Let j(x) = 2*x**2 + 5*x - 3. What is j(m)?
9
Let m(u) = u + 8. Let t = 39 - 34. Suppose t*c = 5*s + 40, 6*s - 3*c + 31 = 2*s. Determine m(s).
1
Let l be ((-10)/8)/(2/(-8)). Let a(v) = -v**2 + 2*v + 11. What is a(l)?
-4
Let z(o) be the second derivative of o**7/2520 + o**6/720 - o**5/120 + 3*o**4/2 + 2*o. Let n(l) be the third derivative of z(l). Calculate n(-3).
5
Let h be (-20)/(3120/1053) + (-14)/16*-2. Let k(l) = -6*l. Let g(p) = -7*p + 1. Let x(r) = -5*g(r) + 6*k(r). Calculate x(h).
0
Suppose 7*i - 54 = -2*i. Let v(x) = 4*x - i + 12 - 2*x - 7 - 9*x**2. What is v(1)?
-8
Let k(z) = -z**3 - 1 + 5 - 20*z**2 + 8*z - 32*z**2 + 48*z**2. Let b = -2 - -2. Let x = b - 5. What is k(x)?
-11
Let c be (-1)/(-6)*-4 + (-16)/3. Let o(q) be the first derivative of -1/3*q**3 - 7/2*q**2 - 2*q + 1. Determine o(c).
4
Let j(o) be the first derivative of -2*o**2 + 2*o + 143. Determine j(-3).
14
Let n be (-10)/(-25) - (-74)/(-10). Let f be (-2)/(-4)*0/n. Suppose 0 = 2*r - 3*s - 6, f = -4*r + 3*s - 0*s + 12. Let h(o) = o + 2. Give h(r).
5
Let b(v) = -v**2 - 26*v - 22. Let k = -851 - -826. Give b(k).
3
Let t(c) = -2*c + 3. Let s(x) = x + 6. Let w be s(-3). Determine t(w).
-3
Let s(z) be the second derivative of -z**8/6720 - z**7/840 + z**6/144 - z**5/40 + z**4/3 + 9*z. Let j(f) be the third derivative of s(f). What is j(-4)?
-7
Let v(f) = 6*f - 21. Let i(x) = x - 4. Let s = 97 - 108. Let o(a) = s*i(a) + 2*v(a). Determine o(7).
9
Let p(h) = -4 - 422*h + 423*h + 15. Let y be (-468)/(-30) - (-2)/5. Suppose 2*b + y = 4. Calculate p(b).
5
Let j(b) = 3*b**2 - 23*b - 2 - 20*b - b**3 + 43*b. Give j(3).
-2
Let f(r) = -7 + 5 - r + 2*r. Give f(4).
2
Suppose 3*q = 6*q + 12. Let z(x) = -9*x**3 - 19*x**2 - 5*x - 2. Let v(o) = -5*o**3 - 10*o**2 - 2*o - 1. Let c(a) = 7*v(a) - 4*z(a). Give c(q).
9
Let o(s) be the second derivative of 2*s**3/3 - 17*s**2/2 + 48*s. What is o(6)?
7
Let g be 19/7 - (-10)/35. Let q(j) = -48*j + 5 + 49*j + j**2 - 11 - j**g. Give q(0).
-6
Let d(n) = -n + 4. Let j = -6 - -24. Let p be 1/(j/8 + -2). Suppose -p*g = -3*g - 3. What is d(g)?
1
Let o be 73/(-840) + (-6)/315*-5. Let a(t) be the third derivative of 0*t**4 + 0 - 5/6*t**3 - o*t**6 + 0*t**5 + 0*t - 15*t**2. Give a(0).
-5
Let n(f) = -f**3 + f**2 + 3*f - 2. Suppose -11*w = -8*w - 24. Suppose -2 = -5*i + w. Determine n(i).
0
Let i(j) = -j**2 + 5*j - 1. Let z = 6 + -13. Let b(h) = 4*h**2 - 16*h + 3. Let y = 348 - 350. Let r(k) = y*b(k) + z*i(k). What is r(-3)?
1
Let v be (-3 + -3)/((-3)/(-2)). Let i be ((-1)/2)/(1/v). Let c(r) = -r - i*r**2 + 2*r + 4*r**2 - 3*r. Give c(-2).
12
Let p = -147 - -151. Let l(d) = -8*d + 6. Give l(p).
-26
Let c(f) = -6*f - 1. Let z(a) = a**2 - 12*a + 15. Let r = 30 + -18. Let q be z(r). Let h = q + -16. What is c(h)?
5
Suppose 2*j - 1 - 5 = 0. Suppose j*b = 36 - 9. Let f be (1 + -1)*3/b. Let c(l) = l + 7. Give c(f).
7
Let i(p) be the second derivative of 2*p**3/3 + p**2/2 - 4*p + 15. Give i(1).
5
Let p(z) = -z - 7. Let s(y) = -2*y - 7. Suppose 0 = -5*v - 0*v + 10. Let d(j) = v*s(j) - 3*p(j). Determine d(7).
0
Let w(f) = -f**3 + 13 + 4*f**2 - 33 + 18 - f**2. Determine w(-2).
18
Let m(b) = -5*b**2 + 280*b - 280*b. Determine m(-1).
-5
Let c be -1 + 0 + (-9)/(-3). Let y(x) = 2*x + 0*x - c + 2. What is y(2)?
4
Let n = 60 - 56. Suppose -2 = f, -g = n*g - 3*f + 4. Let q(b) be the first derivative of b**3/3 + 2*b**2 + 2*b + 1. Calculate q(g).
-2
Let g(s) = 4*s + 2. Let i(r) = r**2 - r + 2. Let z be (2/(-3))/(2/9). Let c be i(z). Suppose -6 = -5*u - 2*m, -5*m - 6 = -5*u + c. Give g(u).
10
Let l(y) = -9 - 8*y**2 - 24*y - 17*y**3 + 25*y + 7*y**3 + 9*y**3. What is l(-8)?
-17
Let p(i) be the first derivative of -i**2/2 - i + 20. Let a = 21 + -10. Let s = a - 5. What is p(s)?
-7
Let r(m) = -19*m + 3. Let z(h) = 10*h - 2. Let j(d) = 3*r(d) + 5*z(d). Suppose -v = -y, 3*v + 1 = -4*y + 6*v. Determine j(y).
6
Let v(h) = -h**2 - 6*h - 5. Suppose -2*b = -2*f, 6*f = 3*f + 15. Suppose 4*z = -b - 15. Determine v(z).
0
Let w(q) = -q**2. Let r(k) be the first derivative of 4*k**3 + k**2 + 2*k + 11. Let i(t) = -r(t) - 6*w(t). Calculate i(-2).
-22
Let k(y) = -2*y**3 + 17*y**2 - 23*y - 26. Let l(q) = -q**3 + 9*q**2 - 11*q - 11. Let f(a) = 2*k(a) - 5*l(a). What is f(10)?
-7
Let u(a) = -25 - a + 47 - 21 + 4*a. What is u(1)?
4
Let w(y) = -y - 25. Let m(j) = -j**3 - 10*j**2 - 18*j + 6. Let u be m(-7). Give w(u).
-10
Let k = 8 - 3. Let d(p) = -p - 7. Let c(g) = -3*g - 14. Let y(b) = -2*c(b) + 5*d(b). What is y(k)?
-2
Let b(t) = t**3 + 8*t**2 + 6. Suppose 5*g = 2*k - 1, k = 2*g + g. Suppose -9 = i - g. Give b(i).
6
Let w(u) = u**3 + 10*u**2 - 10*u + 11. Let g be